{"id":137,"date":"2016-02-06T11:05:49","date_gmt":"2016-02-06T11:05:49","guid":{"rendered":"http:\/\/acutema.org\/?page_id=137"},"modified":"2016-10-11T11:55:25","modified_gmt":"2016-10-11T11:55:25","slug":"xiii-festival-2015","status":"publish","type":"page","link":"https:\/\/acutema.org\/?page_id=137","title":{"rendered":"XIII FESTIVAL (2015)"},"content":{"rendered":"<h3 style=\"background: white; margin: 12.75pt 0cm 3.2pt 0cm;\"><span style=\"font-size: 11.5pt; font-family: 'Arial','sans-serif'; color: red; font-weight: normal;\">D\u00eda Jueves 7 de mayo<\/span><\/h3>\n<h3 style=\"background: white; margin: 12.75pt 0cm 3.2pt 0cm;\"><span style=\"font-size: 11.5pt; font-family: 'Arial','sans-serif'; color: #333333; font-weight: normal;\">COORDINADOR:<br \/>\nRa\u00fal Caballero S\u00e1nchez<\/span><\/h3>\n<h3 style=\"background: white; margin: 12.75pt 0cm 3.2pt 0cm;\"><span style=\"font-size: 11.5pt; font-family: 'Arial','sans-serif'; color: #333333; font-weight: normal;\">ORGANIZA:<br \/>\nAsociaci\u00f3n Cultural de Teatro Grecolatino de M\u00e1laga (Acutema)<\/span><\/h3>\n<h3 style=\"background: white; margin: 12.75pt 0cm 3.2pt 0cm;\"><span style=\"font-size: 11.5pt; font-family: 'Arial','sans-serif'; color: #333333; font-weight: normal;\">LUGAR:<br \/>\nTeatro Romano de M\u00e1laga<\/span><\/h3>\n<h3 style=\"background: white; margin: 12.75pt 0cm 3.2pt 0cm;\"><span style=\"font-size: 11.5pt; font-family: 'Arial','sans-serif'; color: #333333; font-weight: normal;\">D\u00cdA 7 DE MAYO (JUEVES)<br \/>\n10.00 horas<br \/>\nSUPLICANTES, de Esquilo<br \/>\nGrupo AlezeiaTeatro, de Benalm\u00e1dena (M\u00e1laga)<br \/>\nGanador del IX Concurso nacional de grupos de teatro grecolatino 2014<\/span><\/h3>\n<h3 style=\"background: white; margin: 12.75pt 0cm 3.2pt 0cm;\"><span style=\"font-size: 11.5pt; font-family: 'Arial','sans-serif'; color: #333333; font-weight: normal;\">12.00 horas y 17.00 horas<br \/>\nEDIPO, adaptaci\u00f3n sobre textos de S\u00f3focles y S\u00e9neca<br \/>\nGrupo InduoTeatro, de M\u00e1laga<\/span><\/h3>\n<h3 style=\"background: white; margin: 12.75pt 0cm 3.2pt 0cm;\"><span style=\"font-size: 11.5pt; font-family: 'Arial','sans-serif'; color: #333333; font-weight: normal;\">RESERVA DE PLAZAS<br \/>\nP\u00f3nganse en contacto con la Asociaci\u00f3n Cultural de Teatro Grecolatino de M\u00e1laga\u00a0(Acutema): Correo electr\u00f3nico a teatrogrecolatino@acutema.org.<br \/>\nWeb: http:\/\/www.acutema.org\/\/.<\/span><\/h3>\n<h3 style=\"background: white; margin: 12.75pt 0cm 3.2pt 0cm;\"><span style=\"font-size: 11.5pt; font-family: 'Arial','sans-serif'; color: #333333; font-weight: normal;\">OBSERVACIONES<br \/>\n1. No hay lugar alternativo de representaci\u00f3n en caso de suspensi\u00f3n por lluvia. Para\u00a0decidir la suspensi\u00f3n nos atendremos a los protocolos que publicaremos en nuestras\u00a0webs.<br \/>\n2. Se recuerda a los profesores que no es un Festival adecuado para alumnos de cursos\u00a0inferiores a 3\u00ba de ESO.<br \/>\n3. Asimismo, se recuerda a los profesores que deben permanecer con sus alumnos desde el\u00a0momento que acceden al teatro hasta la salida.<br \/>\n4. En el montaje Edipo, se distribuir\u00e1 a los centros Edipo de S\u00e9neca.<br \/>\nOrganizan: Asociaci\u00f3n Cultural de Teatro Grecolatino de M\u00e1laga (Acutema) e Instituto de Teatro\u00a0Cl\u00e1sico Grecolatino de Andaluc\u00eda.<\/span><\/h3>\n<h3 style=\"background: white; margin: 12.75pt 0cm 3.2pt 0cm;\"><span style=\"font-size: 11.5pt; font-family: 'Arial','sans-serif'; color: #333333; font-weight: normal;\">Patrocinan: Consejer\u00eda de Educaci\u00f3n, Cultura y Deportes de la Junta de Andaluc\u00eda, \u00c1reas de Cultura y\u00a0Educaci\u00f3n del Ayuntamiento de M\u00e1laga.<\/span><\/h3>\n<h3 style=\"background: white; margin: 12.75pt 0cm 3.2pt 0cm;\"><span style=\"font-size: 11.5pt; font-family: 'Arial','sans-serif'; color: #333333; font-weight: normal;\">Colaboran: Universidad de M\u00e1laga (Vicerrectorado de Extensi\u00f3n Universitaria); Sociedad Espa\u00f1ola de\u00a0Estudios Cl\u00e1sicos; \u00c1rea de Filolog\u00eda Griega de la UMA<\/span><\/h3>\n","protected":false},"excerpt":{"rendered":"<p>D\u00eda Jueves 7 de mayo COORDINADOR: Ra\u00fal Caballero S\u00e1nchez ORGANIZA: Asociaci\u00f3n Cultural de Teatro Grecolatino de M\u00e1laga (Acutema) LUGAR: Teatro Romano de M\u00e1laga D\u00cdA 7 DE MAYO (JUEVES) 10.00 horas SUPLICANTES, de Esquilo Grupo AlezeiaTeatro, de Benalm\u00e1dena (M\u00e1laga) Ganador del IX Concurso nacional de grupos de teatro grecolatino 2014 12.00 horas y 17.00 horas EDIPO, &hellip; <\/p>\n<p><a class=\"more-link btn\" href=\"https:\/\/acutema.org\/?page_id=137\">Seguir leyendo<\/a><\/p>\n","protected":false},"author":1,"featured_media":0,"parent":0,"menu_order":0,"comment_status":"closed","ping_status":"closed","template":"","meta":{"footnotes":""},"class_list":["post-137","page","type-page","status-publish","hentry","nodate","item-wrap"],"_links":{"self":[{"href":"https:\/\/acutema.org\/index.php?rest_route=\/wp\/v2\/pages\/137","targetHints":{"allow":["GET"]}}],"collection":[{"href":"https:\/\/acutema.org\/index.php?rest_route=\/wp\/v2\/pages"}],"about":[{"href":"https:\/\/acutema.org\/index.php?rest_route=\/wp\/v2\/types\/page"}],"author":[{"embeddable":true,"href":"https:\/\/acutema.org\/index.php?rest_route=\/wp\/v2\/users\/1"}],"replies":[{"embeddable":true,"href":"https:\/\/acutema.org\/index.php?rest_route=%2Fwp%2Fv2%2Fcomments&post=137"}],"version-history":[{"count":2,"href":"https:\/\/acutema.org\/index.php?rest_route=\/wp\/v2\/pages\/137\/revisions"}],"predecessor-version":[{"id":249,"href":"https:\/\/acutema.org\/index.php?rest_route=\/wp\/v2\/pages\/137\/revisions\/249"}],"wp:attachment":[{"href":"https:\/\/acutema.org\/index.php?rest_route=%2Fwp%2Fv2%2Fmedia&parent=137"}],"curies":[{"name":"wp","href":"https:\/\/api.w.org\/{rel}","templated":true}]}}