{"id":143,"date":"2016-02-06T11:03:52","date_gmt":"2016-02-06T11:03:52","guid":{"rendered":"http:\/\/acutema.org\/?page_id=143"},"modified":"2016-10-11T11:53:27","modified_gmt":"2016-10-11T11:53:27","slug":"x-festival-2012","status":"publish","type":"page","link":"https:\/\/acutema.org\/?page_id=143","title":{"rendered":"X FESTIVAL (2012)"},"content":{"rendered":"<h3><strong>X Festival Juvenil Europeo de Teatro Grecolatino de M\u00e1laga (2012)<\/strong><\/h3>\n<h3><strong>COORDINADOR<\/strong><\/h3>\n<h3>Ra\u00fal Caballero S\u00e1nchez<\/h3>\n<h3><strong>LUGAR:<\/strong><\/h3>\n<h3>Teatro Romano de M\u00e1laga<\/h3>\n<p>&nbsp;<\/p>\n<h3><strong><u>D\u00cdA 3 DE MAYO,\u00a0 JUEVES<\/u><\/strong><\/h3>\n<h3>10,00 horas y 12,00 horas<\/h3>\n<h3><em>FEDRA.<\/em><em>\u00a0<\/em>Recreaci\u00f3n basada en\u00a0<em>Hip\u00f3lito<\/em>\u00a0de Eur\u00edpides y\u00a0<em>Fedra<\/em>\u00a0de S\u00e9neca*<\/h3>\n<h3>Grupo INDUO TEATRO de M\u00e1laga<\/h3>\n<h3>17.00 horas<\/h3>\n<h3><strong>\u00a0<\/strong><em>B\u00c1QUIDES<\/em><em>,<\/em><em>\u00a0<\/em>de Plauto<\/h3>\n<h3>Grupo Dionisos de And\u00fajar<\/h3>\n<h3>*Se entregar\u00e1 el libro de\u00a0<em>Hip\u00f3lito<\/em>\u00a0de Eur\u00edpides<\/h3>\n<h3><\/h3>\n<h3><strong>CONTACTOS<\/strong><\/h3>\n<h3>Asociaci\u00f3n Cultural de Teatro Grecolatino de M\u00e1laga (Acutema): 653030650 y 952131810.<\/h3>\n<h3>E-mail:\u00a0<a href=\"mailto:teatrogrecolatino@acutema.org\">teatrogrecolatino@acutema.org<\/a><\/h3>\n<h3>Webs:\u00a0 \u00a0<a href=\"http:\/\/www.acutema.org\/\">http:\/\/www.acutema.org<\/a>\u00a0 \u00a0 \u00a0<a href=\"http:\/\/www.teatroenitalica.com\/\">http:\/\/www.teatroenitalica.com<\/a>\u00a0 \u00a0<a href=\"http:\/\/www.prosoponteatro.com\/\">http:\/\/www.prosoponteatro.com<\/a><\/h3>\n<h3><\/h3>\n<h3><strong>OBSERVACIONES<\/strong><\/h3>\n<h3>1.\u00a0\u00a0\u00a0 No hay lugar alternativo de representaci\u00f3n en caso de suspensi\u00f3n por lluvia.<\/h3>\n<h3>2.\u00a0\u00a0\u00a0 Por motivos ajenos a nuestra voluntad, en caso de suspensi\u00f3n por lluvia o fuerza mayor no se devolver\u00e1 el dinero de la reserva. Para decidir la suspensi\u00f3n nos atendremos a los protocolos que publicaremos en nuestras webs.<\/h3>\n<h3>3.\u00a0\u00a0\u00a0 Se recuerda a los profesores que no es un Festival adecuado para alumnos de cursos inferiores a 3\u00ba de ESO.<\/h3>\n<h3>4.\u00a0\u00a0\u00a0 Asimismo, se recuerda a los profesores que deben permanecer con sus alumnos desde el momento que acceden al teatro hasta la salida.<\/h3>\n<h3><\/h3>\n<h3><strong>VISITAS GRATUITAS, PREVIA RESERVA DE HORA<\/strong><\/h3>\n<h3>Alcazaba y Gibralfaro: tel. 952227230<\/h3>\n<h3>Museo Picasso M\u00e1laga-Palacio de Buenavista:\u00a0<a href=\"http:\/\/www.museopicassomalaga.org\/\">http:\/\/www.museopicassomalaga.org<\/a><\/h3>\n<h3>Museo Casa Natal Picasso:\u00a0<a href=\"http:\/\/www.fundacionpicasso.es\/\">http:\/\/www.fundacionpicasso.es<\/a><\/h3>\n<h3>Museo Carmen Thyssen Bornemisza:\u00a0<a href=\"http:\/\/www.carmenthyssenmalaga.org\/\">http:\/\/www.carmenthyssenmalaga.org<\/a><\/h3>\n<h3>M\u00e1s informaci\u00f3n:\u00a0<a href=\"http:\/\/www.malagaturismo.com\/\">http:\/\/www.malagaturismo.com<\/a><\/h3>\n<h3><\/h3>\n<h3><strong>Organizan<\/strong>: Asociaci\u00f3n Cultural de Teatro Grecolatino de M\u00e1laga (Acutema) e Instituto de Teatro Cl\u00e1sico Grecolatino de Andaluc\u00eda.<\/h3>\n<h3><strong>Patrocinan<\/strong>: Consejer\u00eda de Cultura de la Junta de Andaluc\u00eda y \u00c1rea de Cultura del Ayuntamiento de M\u00e1laga.<\/h3>\n<h3><strong>Colaboran<\/strong>: Consejer\u00eda de Educaci\u00f3n, Universidad de M\u00e1laga (Vicerrectorado de Cultura y Relaciones internacionales), Centro de Ediciones de la Diputaci\u00f3n Provincial de M\u00e1laga (CEDMA) y Escuela Superior de Arte Dram\u00e1tico de M\u00e1laga (ESAD).<\/h3>\n<p>&nbsp;<\/p>\n","protected":false},"excerpt":{"rendered":"<p>X Festival Juvenil Europeo de Teatro Grecolatino de M\u00e1laga (2012) COORDINADOR Ra\u00fal Caballero S\u00e1nchez LUGAR: Teatro Romano de M\u00e1laga &nbsp; D\u00cdA 3 DE MAYO,\u00a0 JUEVES 10,00 horas y 12,00 horas FEDRA.\u00a0Recreaci\u00f3n basada en\u00a0Hip\u00f3lito\u00a0de Eur\u00edpides y\u00a0Fedra\u00a0de S\u00e9neca* Grupo INDUO TEATRO de M\u00e1laga 17.00 horas \u00a0B\u00c1QUIDES,\u00a0de Plauto Grupo Dionisos de And\u00fajar *Se entregar\u00e1 el libro de\u00a0Hip\u00f3lito\u00a0de Eur\u00edpides &hellip; <\/p>\n<p><a class=\"more-link btn\" href=\"https:\/\/acutema.org\/?page_id=143\">Seguir leyendo<\/a><\/p>\n","protected":false},"author":1,"featured_media":0,"parent":0,"menu_order":0,"comment_status":"closed","ping_status":"closed","template":"","meta":{"footnotes":""},"class_list":["post-143","page","type-page","status-publish","hentry","nodate","item-wrap"],"_links":{"self":[{"href":"https:\/\/acutema.org\/index.php?rest_route=\/wp\/v2\/pages\/143","targetHints":{"allow":["GET"]}}],"collection":[{"href":"https:\/\/acutema.org\/index.php?rest_route=\/wp\/v2\/pages"}],"about":[{"href":"https:\/\/acutema.org\/index.php?rest_route=\/wp\/v2\/types\/page"}],"author":[{"embeddable":true,"href":"https:\/\/acutema.org\/index.php?rest_route=\/wp\/v2\/users\/1"}],"replies":[{"embeddable":true,"href":"https:\/\/acutema.org\/index.php?rest_route=%2Fwp%2Fv2%2Fcomments&post=143"}],"version-history":[{"count":2,"href":"https:\/\/acutema.org\/index.php?rest_route=\/wp\/v2\/pages\/143\/revisions"}],"predecessor-version":[{"id":246,"href":"https:\/\/acutema.org\/index.php?rest_route=\/wp\/v2\/pages\/143\/revisions\/246"}],"wp:attachment":[{"href":"https:\/\/acutema.org\/index.php?rest_route=%2Fwp%2Fv2%2Fmedia&parent=143"}],"curies":[{"name":"wp","href":"https:\/\/api.w.org\/{rel}","templated":true}]}}