{"id":151,"date":"2016-02-06T11:01:50","date_gmt":"2016-02-06T11:01:50","guid":{"rendered":"http:\/\/acutema.org\/?page_id=151"},"modified":"2016-02-06T11:50:31","modified_gmt":"2016-02-06T11:50:31","slug":"vi-festival-2008","status":"publish","type":"page","link":"https:\/\/acutema.org\/?page_id=151","title":{"rendered":"VI FESTIVAL (2008)"},"content":{"rendered":"<h3><strong><img loading=\"lazy\" decoding=\"async\" class=\"alignnone size-medium wp-image-166\" src=\"https:\/\/acutema.org\/wp-content\/uploads\/Las-Bacantes-211x300.gif\" alt=\"Las Bacantes\" width=\"211\" height=\"300\" \/><\/strong><\/h3>\n<h3><strong>VI FESTIVAL DE TEATRO GRECOLATINO DE M\u00c1LAGA (2008)<\/strong><\/h3>\n<h3>LUGAR: Sala \u00abManual de Falla\u00bb del Conservatorio Superior de M\u00fasica.<\/h3>\n<p><strong>\u00a0<\/strong><\/p>\n<h3><strong>D\u00cdA 6 DE MAYO, MARTES<\/strong><\/h3>\n<h3><strong>11:30 <\/strong><strong><em>Ps\u00e9udolo <\/em><\/strong>de Plauto. Grupo \u00abDionisos\u00bb del I.E.S. \u00abNuestra Se\u00f1ora de laCabeza\u00bb de And\u00fajar.<strong><br \/>\n16:30 <\/strong><strong><em>Orestes <\/em><\/strong>de Eur\u00edpides. Grupo \u00abBalbo\u00bb, del IES \u00abSanto Domingo\u00bb de El Puerto\u00a0de Santa Mar\u00eda (C\u00e1diz)<strong><em>.<\/em><\/strong><strong><br \/>\n<\/strong><\/h3>\n<h3><strong>D\u00cdA 7 DE MAYO, MI\u00c9RCOLES<\/strong><\/h3>\n<h3><strong>11:30 <\/strong><strong><em>El C\u00edclope <\/em><\/strong>de Eur\u00edpides. Grupo \u00abBalbo\u00bb, del IES \u00abSanto Domingo\u00bb de El Puerto\u00a0de Santa Mar\u00eda (C\u00e1diz)<em>.<\/em><br \/>\n<strong>16:30 <em>Las Bacantes <\/em><\/strong>de Eur\u00edpides. Grupo de Teatro Cl\u00e1sico \u00abESAD-M\u00e1laga\u00bb, M\u00e1laga.<\/h3>\n<h3><\/h3>\n<h3><strong>Reservas, inscripciones y libros:<\/strong><\/h3>\n<h3><strong><br \/>\n1. Reservas. <\/strong>Los Centros interesados en asistir a las representaciones deber\u00e1n reservar\u00a0entrada llamando, de 9,30 a 14,30 horas, a los tel\u00e9fonos 91 500 06 62 \/ 32 70 \/ 31 74.<\/h3>\n<h3><strong><br \/>\n2. Inscripci\u00f3n. <\/strong>Se enviar\u00e1 la HOJA DE INSCRIPCI\u00d3N cumplimentada con el justificante\u00a0de ingreso de la entidad bancaria por correo a: C.R.E.T.A, c\/ San M\u00e1ximo 31, 4\u00ba 8,\u00a0Edificio 2000, 28041 Madrid. Quedar\u00e1n en suspenso las reservas cuya hoja de inscripci\u00f3n\u00a0con el justificante de ingreso no haya sido recibida en los quince d\u00edas lectivos\u00a0posteriores a la fecha en que se haya hecho la reserva por tel\u00e9fono.<\/h3>\n<h3><strong>3. <\/strong><strong>Env\u00edo de libros. <\/strong>Los textos de las obras elegidas se enviar\u00e1n a los Centros con\u00a0tiempo suficiente para que puedan ser estudiados en clase por los alumnos y profesores\u00a0que asistan al Festival.<\/h3>\n<h3>Para un programa de visitas:<br \/>\nwww.malagaturismo.com \u2022 www.ayto-malaga.es<\/h3>\n<h3><strong>ORGANIZAN: <\/strong>ASOCIACI\u00d3N CULTURAL DE TEATRO GRECORROMANO DE M\u00c1LAGA\u00a0(ACUTEMA) Y FUNDACI\u00d3N C.R.E.T.A. CENTRO PARA LA REPRESENTACI\u00d3N\u00a0Y ESTUDIO DEL TEATRO ANTIGUO<\/h3>\n<h3><strong>COORDINADORES: <\/strong>Aurelio P\u00e9rez Jim\u00e9nez, Ra\u00fal Caballero, Miguel Briones Artacho\u00a0y Carlos Alcalde Mart\u00edn.<\/h3>\n","protected":false},"excerpt":{"rendered":"<p>VI FESTIVAL DE TEATRO GRECOLATINO DE M\u00c1LAGA (2008) LUGAR: Sala \u00abManual de Falla\u00bb del Conservatorio Superior de M\u00fasica. \u00a0 D\u00cdA 6 DE MAYO, MARTES 11:30 Ps\u00e9udolo de Plauto. Grupo \u00abDionisos\u00bb del I.E.S. \u00abNuestra Se\u00f1ora de laCabeza\u00bb de And\u00fajar. 16:30 Orestes de Eur\u00edpides. Grupo \u00abBalbo\u00bb, del IES \u00abSanto Domingo\u00bb de El Puerto\u00a0de Santa Mar\u00eda (C\u00e1diz). D\u00cdA &hellip; <\/p>\n<p><a class=\"more-link btn\" href=\"https:\/\/acutema.org\/?page_id=151\">Seguir leyendo<\/a><\/p>\n","protected":false},"author":1,"featured_media":0,"parent":0,"menu_order":0,"comment_status":"closed","ping_status":"closed","template":"","meta":{"footnotes":""},"class_list":["post-151","page","type-page","status-publish","hentry","nodate","item-wrap"],"_links":{"self":[{"href":"https:\/\/acutema.org\/index.php?rest_route=\/wp\/v2\/pages\/151","targetHints":{"allow":["GET"]}}],"collection":[{"href":"https:\/\/acutema.org\/index.php?rest_route=\/wp\/v2\/pages"}],"about":[{"href":"https:\/\/acutema.org\/index.php?rest_route=\/wp\/v2\/types\/page"}],"author":[{"embeddable":true,"href":"https:\/\/acutema.org\/index.php?rest_route=\/wp\/v2\/users\/1"}],"replies":[{"embeddable":true,"href":"https:\/\/acutema.org\/index.php?rest_route=%2Fwp%2Fv2%2Fcomments&post=151"}],"version-history":[{"count":3,"href":"https:\/\/acutema.org\/index.php?rest_route=\/wp\/v2\/pages\/151\/revisions"}],"predecessor-version":[{"id":168,"href":"https:\/\/acutema.org\/index.php?rest_route=\/wp\/v2\/pages\/151\/revisions\/168"}],"wp:attachment":[{"href":"https:\/\/acutema.org\/index.php?rest_route=%2Fwp%2Fv2%2Fmedia&parent=151"}],"curies":[{"name":"wp","href":"https:\/\/api.w.org\/{rel}","templated":true}]}}