{"id":414,"date":"2019-09-23T11:15:03","date_gmt":"2019-09-23T11:15:03","guid":{"rendered":"http:\/\/acutema.org\/?page_id=414"},"modified":"2019-09-23T11:18:37","modified_gmt":"2019-09-23T11:18:37","slug":"2019-xviii-festival","status":"publish","type":"page","link":"https:\/\/acutema.org\/?page_id=414","title":{"rendered":"XVII FESTIVAL (2019)"},"content":{"rendered":"<p><strong>COORDINADOR<\/strong><\/p>\n<p>Antonio L\u00f3pez G\u00e1miz<\/p>\n<p><strong>LUGAR<\/strong><\/p>\n<p>Teatro Romano de M\u00e1laga<\/p>\n<p>&nbsp;<\/p>\n<p><strong>D\u00cdA 27 DE MARZO,\u00a0 MI\u00c9RCOLES<\/strong><\/p>\n<p>9,45\u00a0horas \u00a0\u00a1\u00a1\u00a0<strong>PLAZAS AGOTADAS !!<\/strong><\/p>\n<p><strong>AULULARIA<\/strong>, de Plauto<\/p>\n<p>Grupo ALEZEIA TEATRO, de Benalm\u00e1dena (M\u00e1laga)<\/p>\n<p>(<a href=\"https:\/\/sites.google.com\/site\/alezeiateatro\/\">https:\/\/sites.google.com\/site\/alezeiateatro\/<\/a>)<\/p>\n<p>12,00 horas<\/p>\n<p><strong>HIP\u00d3LITO,\u00a0<\/strong>de Eur\u00edpides<\/p>\n<p>Grupo\u00a0de la ESAD de M\u00e1laga. Adaptaci\u00f3n y direcci\u00f3n esc\u00e9nica:\u00a0Jos\u00e9 Manuel S\u00e1nchez Andreu<\/p>\n<p><u>(<a href=\"http:\/\/www.esadmalaga.com\/\">http:\/\/www.esadmalaga.com\/<\/a>)<\/u><\/p>\n<p>16,30\u00a0horas<\/p>\n<p><strong>GEMELOS,\u00a0<\/strong>de Plauto<\/p>\n<p>Grupo ALEZEIA TEATRO, de Benalm\u00e1dena (M\u00e1laga)<\/p>\n<p>(<a href=\"https:\/\/sites.google.com\/site\/alezeiateatro\/\">https:\/\/sites.google.com\/site\/alezeiateatro\/<\/a>)<\/p>\n<p>&nbsp;<\/p>\n<p><strong>D\u00cdA 28 DE MARZO,\u00a0 JUEVES<\/strong><\/p>\n<p>10,00 horas<\/p>\n<p><strong>ANFITRI\u00d3N<\/strong>, de Plauto \u00a0\u00a1\u00a1\u00a0<strong>PLAZAS AGOTADAS !!<\/strong><\/p>\n<p>Grupo CALIGAE, de Yecla (Murcia)<\/p>\n<p><u>(<a href=\"https:\/\/www.facebook.com\/Caligae-Teatro-483902015130270\/\">https:\/\/www.facebook.com\/Caligae-Teatro-483902015130270<\/a>)<\/u><\/p>\n<p>12,00 horas \u00a0\u00a1\u00a1\u00a0<strong>PLAZAS AGOTADAS !!<\/strong><\/p>\n<p><strong>ELECTRA,\u00a0<\/strong>de S\u00f3focles<\/p>\n<p>Grupo CALIGAE, de Yecla (Murcia)<\/p>\n<p><u>(<a href=\"https:\/\/www.facebook.com\/Caligae-Teatro-483902015130270\/\">https:\/\/www.facebook.com\/Caligae-Teatro-483902015130270<\/a>)<\/u><\/p>\n<p>18,00 horas<\/p>\n<p><strong>III HOMENAJE AL TEATRO GRECOLATINO<\/strong><\/p>\n<p>Chencho Ortiz\u00a0y alumn@s de la ESAD de M\u00e1laga, con la colaboraci\u00f3n especial del estudio de Danza de Carmen Fernanda.<\/p>\n<p><strong>Sesiones de las 10,00, las 12,00 y las 16,30 destinadas a centros educativos:<\/strong><\/p>\n<ul>\n<li>Contactar\u00a0con la Asociaci\u00f3n Cultural de Teatro Grecolatino de M\u00e1laga (ACUTEMA) mediante correo electr\u00f3nico a\u00a0<a href=\"mailto:teatrogrecolatino@acutema.org\">teatrogrecolatino@acutema.org<\/a>o\u00a0SMS al 609 185 174.\u00a0Web:\u00a0\u00a0\u00a0<a href=\"http:\/\/www.acutema.org\/\">http:\/\/www.acutema.org<\/a><\/li>\n<\/ul>\n<p><strong>Sesi\u00f3n\u00a0de las 18,00 destinada al p\u00fablico en general:<\/strong><\/p>\n<ul>\n<li>Anticipadamente, desde el 4 hasta el 22 de de Marzo (aportaci\u00f3n de 5 \u20ac): contactar\u00a0la ESAD de M\u00e1laga (<a href=\"http:\/\/www.esadmalaga.com\/\">http:\/\/www.esadmalaga.com\/<\/a>)<\/li>\n<li>El mismo d\u00eda del Festival, media hora antes del comienzo de la representaci\u00f3n (aportaci\u00f3n de 6 \u20ac)<\/li>\n<\/ul>\n<p>&nbsp;<\/p>\n<p><strong>OBSERVACIONES<\/strong><\/p>\n<ol>\n<li>En las sesiones de ma\u00f1ana no hay lugar alternativo de representaci\u00f3n en caso de suspensi\u00f3n por lluvia, con excepci\u00f3n de las sesi\u00f3n del Jueves 28 a las 18,00, para el que se contempla la disponibilidad del Teatro C\u00e1novas (Plaza de El Ejido 5, 29013 M\u00e1laga). Para decidir sobre una posible suspensi\u00f3n nos atendremos a los protocolos que publicaremos en nuestra web.<\/li>\n<li>Se recuerda al profesorado\u00a0que no es un Festival adecuado para alumnado\u00a0de cursos inferiores a 3\u00ba de ESO.<\/li>\n<li>Asimismo, se recuerda a los profesores\/as que deben permanecer con su alumnado desde el momento en que accedan al teatro hasta la salida.<\/li>\n<\/ol>\n<p>&nbsp;<\/p>\n<p><strong>Organizan<\/strong>:\u00a0Asociaci\u00f3n Cultural de Teatro Grecolatino de M\u00e1laga (ACUTEMA) e Instituto de Teatro Cl\u00e1sico Grecolatino de Andaluc\u00eda.<\/p>\n<p><strong>Patrocinan<\/strong>:\u00a0Consejer\u00eda de Turismo, Cultura y Deportes de la Junta de Andaluc\u00eda, \u00c1reas de Cultura y Educaci\u00f3n del Ayuntamiento de M\u00e1laga y Fundaci\u00f3n Unicaja de M\u00e1laga.<\/p>\n<p><strong>Colaboran<\/strong>:\u00a0Vicerrectorado de Cultura y Deportes de la Universidad de M\u00e1laga, Sociedad Espa\u00f1ola de Estudios Cl\u00e1sicos y \u00c1reas de Filolog\u00eda Griega y Filolog\u00eda Latina de la UMA.<\/p>\n<p>&nbsp;<\/p>\n","protected":false},"excerpt":{"rendered":"<p>COORDINADOR Antonio L\u00f3pez G\u00e1miz LUGAR Teatro Romano de M\u00e1laga &nbsp; D\u00cdA 27 DE MARZO,\u00a0 MI\u00c9RCOLES 9,45\u00a0horas \u00a0\u00a1\u00a1\u00a0PLAZAS AGOTADAS !! AULULARIA, de Plauto Grupo ALEZEIA TEATRO, de Benalm\u00e1dena (M\u00e1laga) (https:\/\/sites.google.com\/site\/alezeiateatro\/) 12,00 horas HIP\u00d3LITO,\u00a0de Eur\u00edpides Grupo\u00a0de la ESAD de M\u00e1laga. Adaptaci\u00f3n y direcci\u00f3n esc\u00e9nica:\u00a0Jos\u00e9 Manuel S\u00e1nchez Andreu (http:\/\/www.esadmalaga.com\/) 16,30\u00a0horas GEMELOS,\u00a0de Plauto Grupo ALEZEIA TEATRO, de Benalm\u00e1dena (M\u00e1laga) &hellip; <\/p>\n<p><a class=\"more-link btn\" href=\"https:\/\/acutema.org\/?page_id=414\">Seguir leyendo<\/a><\/p>\n","protected":false},"author":1,"featured_media":0,"parent":0,"menu_order":0,"comment_status":"closed","ping_status":"closed","template":"","meta":{"footnotes":""},"class_list":["post-414","page","type-page","status-publish","hentry","nodate","item-wrap"],"_links":{"self":[{"href":"https:\/\/acutema.org\/index.php?rest_route=\/wp\/v2\/pages\/414","targetHints":{"allow":["GET"]}}],"collection":[{"href":"https:\/\/acutema.org\/index.php?rest_route=\/wp\/v2\/pages"}],"about":[{"href":"https:\/\/acutema.org\/index.php?rest_route=\/wp\/v2\/types\/page"}],"author":[{"embeddable":true,"href":"https:\/\/acutema.org\/index.php?rest_route=\/wp\/v2\/users\/1"}],"replies":[{"embeddable":true,"href":"https:\/\/acutema.org\/index.php?rest_route=%2Fwp%2Fv2%2Fcomments&post=414"}],"version-history":[{"count":3,"href":"https:\/\/acutema.org\/index.php?rest_route=\/wp\/v2\/pages\/414\/revisions"}],"predecessor-version":[{"id":418,"href":"https:\/\/acutema.org\/index.php?rest_route=\/wp\/v2\/pages\/414\/revisions\/418"}],"wp:attachment":[{"href":"https:\/\/acutema.org\/index.php?rest_route=%2Fwp%2Fv2%2Fmedia&parent=414"}],"curies":[{"name":"wp","href":"https:\/\/api.w.org\/{rel}","templated":true}]}}