{"id":50,"date":"2016-01-15T14:25:49","date_gmt":"2016-01-15T14:25:49","guid":{"rendered":"http:\/\/acutema.org\/?page_id=50"},"modified":"2016-04-08T17:57:35","modified_gmt":"2016-04-08T17:57:35","slug":"hazte-socio","status":"publish","type":"page","link":"https:\/\/acutema.org\/?page_id=50","title":{"rendered":"HAZTE SOCIO \/A"},"content":{"rendered":"<div id=\"header_layer\">\n<div id=\"id1\" class=\"style_SkipStroke_1 shape-with-text\">\n<div class=\"text-content style_External_642_59\">\n<div class=\"style\">\n<h3 class=\"Header\"><span style=\"color: #800080;\">SOCIOS \/AS<\/span><\/h3>\n<\/div>\n<\/div>\n<\/div>\n<\/div>\n<div id=\"body_layer\">\n<h3 class=\"bumper\"><span style=\"color: #ff0000;\">Ventajas de asociarse a ACUTEMA<\/span><\/h3>\n<div id=\"id2\" class=\"style_SkipStroke_2 shape-with-text\">\n<div class=\"text-content Normal_External_642_801\">\n<div class=\"Normal\">\n<h3 class=\"paragraph_style\">No hay que pagar cuotas.<\/h3>\n<h3 class=\"paragraph_style\">Oportunidades de suscripci\u00f3n econ\u00f3mica a publicaciones de ACUTEMA.<\/h3>\n<h3 class=\"paragraph_style\">Descuentos en nuestros viajes y excursiones culturales.<\/h3>\n<h3 class=\"paragraph_style\">Participaci\u00f3n preferente en los proyectos teatrales y art\u00edsticos de la asociaci\u00f3n.<\/h3>\n<h3 class=\"paragraph_style\"><\/h3>\n<h3 class=\"paragraph_style\"><span style=\"color: #ff0000;\">Y las obligaciones&#8230;<\/span><span class=\"style_1\"><br \/>\n<\/span><\/h3>\n<h3 class=\"paragraph_style_1\">Cuantas cada socio \/a \u00a0quiera imponerse para fomentar el teatro grecolatino en nuestra sociedad.<\/h3>\n<h3 class=\"paragraph_style_1\">Tu participaci\u00f3n ser\u00e1 siempre bienvenida. Como los actores del teatro antiguo, interpretamos m\u00e1s de un papel, pero proporcionamos m\u00e1scaras a todos los interesados en nuestros fines sociales y culturales.<\/h3>\n<p><a href=\"https:\/\/acutema.org\/wp-content\/uploads\/Inscripci\u00f3n-como-soci@-de-ACUTEMA.doc\" rel=\"\">Inscripci\u00f3n como soci@ de ACUTEMA<\/a><\/p>\n<p><strong style=\"color: #333333; font-family: 'Pontano Sans', arial, sans-serif; font-size: 18px; line-height: normal;\">CONTADOR DEL N\u00daMERO DE SOCIOS\/AS: 120<\/strong><\/p>\n<\/div>\n<\/div>\n<\/div>\n<\/div>\n","protected":false},"excerpt":{"rendered":"<p>SOCIOS \/AS Ventajas de asociarse a ACUTEMA No hay que pagar cuotas. Oportunidades de suscripci\u00f3n econ\u00f3mica a publicaciones de ACUTEMA. Descuentos en nuestros viajes y excursiones culturales. Participaci\u00f3n preferente en los proyectos teatrales y art\u00edsticos de la asociaci\u00f3n. Y las obligaciones&#8230; Cuantas cada socio \/a \u00a0quiera imponerse para fomentar el teatro grecolatino en nuestra sociedad. &hellip; <\/p>\n<p><a class=\"more-link btn\" href=\"https:\/\/acutema.org\/?page_id=50\">Seguir leyendo<\/a><\/p>\n","protected":false},"author":1,"featured_media":0,"parent":0,"menu_order":80,"comment_status":"closed","ping_status":"closed","template":"","meta":{"footnotes":""},"class_list":["post-50","page","type-page","status-publish","hentry","nodate","item-wrap"],"_links":{"self":[{"href":"https:\/\/acutema.org\/index.php?rest_route=\/wp\/v2\/pages\/50","targetHints":{"allow":["GET"]}}],"collection":[{"href":"https:\/\/acutema.org\/index.php?rest_route=\/wp\/v2\/pages"}],"about":[{"href":"https:\/\/acutema.org\/index.php?rest_route=\/wp\/v2\/types\/page"}],"author":[{"embeddable":true,"href":"https:\/\/acutema.org\/index.php?rest_route=\/wp\/v2\/users\/1"}],"replies":[{"embeddable":true,"href":"https:\/\/acutema.org\/index.php?rest_route=%2Fwp%2Fv2%2Fcomments&post=50"}],"version-history":[{"count":6,"href":"https:\/\/acutema.org\/index.php?rest_route=\/wp\/v2\/pages\/50\/revisions"}],"predecessor-version":[{"id":214,"href":"https:\/\/acutema.org\/index.php?rest_route=\/wp\/v2\/pages\/50\/revisions\/214"}],"wp:attachment":[{"href":"https:\/\/acutema.org\/index.php?rest_route=%2Fwp%2Fv2%2Fmedia&parent=50"}],"curies":[{"name":"wp","href":"https:\/\/api.w.org\/{rel}","templated":true}]}}